 - 532. What is the remainder when 139 is divided by d?
13
Suppose 0 = 5*h - 0*h - 15. What is the remainder when (5/10)/((-70)/(-220))*7 is divided by h?
2
Let t = 166 + -125. What is the remainder when t is divided by 9?
5
Let q(b) = 6*b**3 - 4*b**2 + 4*b - 2. Let g = -55 + 87. Let w = -19 + g. Calculate the remainder when q(2) is divided by w.
12
Let d be (8/(-6))/(2 + (-16)/6). Suppose -s = 4*f - 1 + d, -2*s = -f - 25. Calculate the remainder when 53 is divided by s.
9
Let w be (-56)/8 + 6/(-2). Let p be (-38)/(-12) - w/(-60). Suppose -2*d = -3*x + 2, 0 = -5*d + 2*d - p*x + 12. What is the remainder when d is divided by 1?
0
Suppose 0 = 5*b - l - 1 - 21, -2*b + 3*l = -14. Suppose -4*j = -4*x - 108, -b*x - 4 = -0*x. What is the remainder when 47 is divided by j?
21
Suppose 0 = -k + 3*k - a - 7, 2*k - 2*a - 4 = 0. Let c = -2138 + 2151. Calculate the remainder when c is divided by k.
3
Suppose 11 = 5*p - 4. Calculate the remainder when 20/6 - (-4)/6 is divided by -1*(-1 + (-6)/p).
1
Let q(g) = -g**2 - 11*g - 16. Let y be q(-9). Suppose 3 + 33 = y*d. What is the remainder when 33 is divided by d?
15
Let j(r) = -2*r**2 - 11*r + 10. Let u be j(-6). Suppose -u*v + 0*h = -3*h - 173, -h - 3 = 0. Calculate the remainder when 79 is divided by v.
38
Let y(d) be the first derivative of 7*d**2/2 + 12*d - 7. Calculate the remainder when y(10) is divided by 28.
26
Suppose -3*p + 2*p - 6 = 0. What is the remainder when 179/4 - (-3)/12 is divided by (p/(-4))/(6/64)?
13
Let g(r) = -r**2 + 4*r - 2. Let z be g(4). Let b(m) = -5*m**3 + m**2 + 4*m + 3. What is the remainder when b(z) is divided by 21?
18
Let c be (-516)/30 + (-1)/(-5). Let u(t) = -6*t - 3. Let s be u(c). Suppose 4*p - 89 = r, -4*p - r + s = -4*r. Calculate the remainder when 62 is divided by p.
20
Let u = -330 - -461. Calculate the remainder when u is divided by 33.
32
Suppose -4*p + 11*p - 126 = 0. What is the remainder when 51 is divided by p?
15
Suppose -99*s + 95*s + 520 = 0. Calculate the remainder when s is divided by 30.
10
Suppose -3*b + 56 = -7*b. Let t(l) = -19*l - 3. Let i be t(-2). What is the remainder when 35 is divided by (-164)/b + 10/i?
11
Let i = -15 - -17. Let t be (i/4)/((-7)/14). Let x = t - -27. What is the remainder when x is divided by 15?
11
Let k be 0*2/4 - -3. Suppose -4 = k*b - 40. What is the remainder when (4/(-22) + 21/(-66))*-118 is divided by b?
11
Let l = 457 + -432. Calculate the remainder when 90 is divided by l.
15
Suppose -7*t + 2*t = -4*p - 13, -4*p + 22 = 2*t. Let x = 6 - p. Suppose z = -x*y + 14, -4*z + 110 - 2 = -y. What is the remainder when 51 is divided by z?
25
Suppose 71*m = 437 + 983. What is the remainder when 152 is divided by m?
12
Let f(l) be the first derivative of 2*l**3/3 + 5*l**2/2 + 2*l + 11. What is the remainder when 52 is divided by f(-4)?
10
Suppose -3*j = -7*j + 40. Suppose 0 = k - 5*s - 176 + 124, 5*k - 194 = 3*s. Calculate the remainder when k is divided by j.
7
Let c(q) = 2*q**2 - 2*q + 1. Let b be c(2). Let l(a) = -3 + b*a**2 - a - a**2 + 1. Calculate the remainder when 47 is divided by l(-2).
15
What is the remainder when 61 is divided by ((-494)/208)/((-2)/16)?
4
Let a(q) = -q**3 + 6*q**2 - 4. Suppose 0 = 3*s - 157 + 52. Let d = s + -20. Calculate the remainder when a(4) is divided by d.
13
Let o = 24 + -14. Suppose 0 = -4*i + i. Suppose i*y = y - 3. Calculate the remainder when o is divided by y.
1
Let d(b) = -b - 4. Let g be d(-12). Let u = g + 81. Calculate the remainder when u is divided by 10.
9
Let y(n) = 3*n**3 - 3*n**2 - n + 4. Calculate the remainder when y(3) is divided by 24.
7
Let s(m) = 3*m**2 - 10*m + 55. What is the remainder when s(11) is divided by 63?
56
Suppose n - 4 = -3*a - 0, -2*a + 1 = n. Suppose -5*o + 4*k = 44, 2*o = -k - a*k - 12. Let w = o - -21. What is the remainder when 23 is divided by w?
10
Suppose 5*k - 19 = 51. Calculate the remainder when 29 is divided by 212/k - 2/14.
14
Let n = 420 + -365. What is the remainder when n is divided by 35?
20
Let u be -11 + 2/(0 - 2). Suppose -83 = -4*j - 0*n + n, -4*n - 24 = -2*j. Let k = j + u. Calculate the remainder when 29 is divided by k.
9
Let d = 30 - 24. Suppose 105 = d*k - 213. What is the remainder when k is divided by 8?
5
Let d(a) = -3*a + 3 - 23 + 3 + 3*a**2 - 2*a. Calculate the remainder when d(8) is divided by 46.
43
Suppose 0*x - 5*x - 25 = 0, -3*d + 38 = -4*x. Suppose -4*t + 0*t = 4*j - 44, -47 = -5*t + 3*j. What is the remainder when t is divided by 1*(-12)/(d/(-3))?
4
Let v be ((-162)/(-4))/((-17)/(-34)). Suppose -v = -5*k + 9. Calculate the remainder when k is divided by 11.
7
Suppose 184 = 20*c - 96. What is the remainder when 68 is divided by c?
12
Suppose -6*f + 82 = -4*f. Let y = -7 + 6. What is the remainder when f is divided by y*(-44)/(0 + 4)?
8
Let b be 5 + -6 - -2*29. Suppose -99 = 2*y + o, -3*y = -2*y - 2*o + b. Let f = -25 - y. What is the remainder when 102 is divided by f?
24
Suppose 0 = -4*q, 0*q = 3*x - 4*q - 72. Suppose x = 2*r - 8. Calculate the remainder when 61 is divided by r.
13
Let y(i) = -i**3 - 6*i**2 - 11*i - 1. What is the remainder when y(-8) is divided by 54?
53
Let i be ((-9)/45)/((-1)/10). Suppose 4*n = -4*l + 40, -4*l + n + 43 = i*n. Let d = 12 + l. What is the remainder when 65 is divided by d?
19
Let j(f) = 5*f**2 - f - 2. Let p be j(-2). Let r = 22 + -16. Let m = p + r. Calculate the remainder when 76 is divided by m.
24
Suppose 3*y = 4*i + 1293, 571 = -2*i + 5*y - 72. Let c be i/(-8)*(-4)/(-3). What is the remainder when (-3)/4 + c/8 is divided by 3?
0
Let o be 4 + (-5)/((-25)/(-10)). Suppose 0 = -4*g - o*k + 4*k + 66, -4*g + k = -65. Calculate the remainder when 56 is divided by g.
8
Suppose 146 = -u + 151. Suppose u*x - 2*m - 335 = 0, 2*x + 2*m + m - 153 = 0. What is the remainder when x is divided by 24?
21
Suppose 2*q + 6*o - 2*o = 542, q - o - 268 = 0. What is the remainder when q is divided by 45?
44
Suppose -5*x - 3*d + 56 = 0, -4*x - 16 + 50 = -3*d. Calculate the remainder when 53 is divided by x.
3
Suppose 0 = 2*l + i - 133, -5*i = 4*l - 383 + 120. What is the remainder when l is divided by 23?
21
Let g(m) = 2*m - 6. Let y be g(7). Suppose -y*t + 10*t = 60. Suppose -5*j + 2*j - 29 = -2*b, b - 4*j = 12. Calculate the remainder when t is divided by b.
14
Calculate the remainder when 7 is divided by 1 - (-8)/(-4)*1/(-2).
1
Let k be 2/(-11) - 2882/121. Let r = 26 + k. Suppose 3*i + r*h - 25 = 0, h - 5 = 5*i - 64. Calculate the remainder when 42 is divided by i.
9
Suppose 2*l + 2*y = -0*y + 394, 3*l - 559 = 5*y. Calculate the remainder when l is divided by 49.
46
Suppose -3175 = -25*y - 325. Calculate the remainder when y is divided by 9.
6
Suppose -f + 57 = 3*i, -4*i + 9*f = 6*f - 76. What is the remainder when 74 is divided by i?
17
Let f = 273 + -206. Calculate the remainder when f is divided by 14.
11
Let t = 218 + -143. Suppose -2*x - 78 = -4*x. What is the remainder when t is divided by x?
36
Suppose -40 = -5*z + 50. Suppose 0 = 17*t - 11*t - z. Calculate the remainder when 21 is divided by t.
0
Let j be 2/(-11) + (-222)/(-11). Suppose -5*t = 3*r - 11 - 133, j = t + 5*r. Calculate the remainder when 118 is divided by t.
28
Suppose -16 = 2*n - 5*n + 5*p, -2*p = -4*n + 26. Calculate the remainder when (-6 + (-56)/(-5))/((-4)/(-20)) is divided by n.
5
Let q(r) = -r**3 - 10*r**2 + 34*r - 9. Calculate the remainder when 165 is divided by q(-13).
53
Let y(z) = 2*z**2 - 4*z + 4. Let h be y(2). Suppose 2*s + 420 = h*x - 2*s, -4*x - 4*s + 452 = 0. Calculate the remainder when x is divided by 29.
22
Let l = 763 - 729. Suppose 0*x = 4*x - 808. Calculate the remainder when x is divided by l.
32
Let l be ((-30)/45)/((-1)/6). Suppose 0 = 2*v - 5*t - l - 5, -v - 2 = 4*t. Suppose v*r = 3*r - 82. Calculate the remainder when r is divided by 28.
26
Let w = -11 + 19. What is the remainder when w is divided by 12/10*395/79?
2
Let w be 1/3 + (-98)/(-21). Suppose 0*o + 5*o + 20 = 0, 3*c + w*o + 20 = 0. Suppose 5*u + 2 - 137 = c. What is the remainder when u is divided by 15?
12
Let q be -1*1/(-1) + -4. What is the remainder when (-8)/(-2) + 32 + -9 is divided by (21/q)/(-1*1)?
6
Let z(c) = c**2 - c + 6. What is the remainder when z(17) is divided by 40?
38
Let g(z) = z**2 - 15*z + 13. Let s be g(11). Let t = s - -2